{"id":230,"date":"2015-08-13T17:48:55","date_gmt":"2015-08-13T17:48:55","guid":{"rendered":"http:\/\/tester.colegiovillanonguen.cl\/?page_id=230"},"modified":"2015-08-13T17:48:55","modified_gmt":"2015-08-13T17:48:55","slug":"proyectos-institucionales","status":"publish","type":"page","link":"https:\/\/www.colegiovillanonguen.cl\/index.php\/proyectos-institucionales\/","title":{"rendered":"Proyectos Institucionales"},"content":{"rendered":"<p>Nuestra instituci\u00f3n educativa, en el cumplimiento del Pr<img loading=\"lazy\" decoding=\"async\" class=\"  wp-image-207 alignleft\" src=\"http:\/\/tester.colegiovillanonguen.cl\/wp-content\/uploads\/2015\/08\/favicon.png\" alt=\"favicon\" width=\"52\" height=\"52\" \/>oyecto de nuestra fundadora de brindar una formaci\u00f3n integral a los ni\u00f1os de Nongu\u00e9n, tiene al servicio de su comunidad educativa el Proyecto de Integraci\u00f3n y un Equipo de Convivencia Escolar. Los invitamos a conocer en detalle el trabajo de ambos proyectos en sus respectivos men\u00fas.<\/p>\n<p>&nbsp;<\/p>\n","protected":false},"excerpt":{"rendered":"<p>Nuestra instituci\u00f3n educativa, en el cumplimiento del Proyecto de nuestra fundadora de brindar una formaci\u00f3n integral a los ni\u00f1os de Nongu\u00e9n, tiene al servicio de su comunidad educativa el Proyecto de Integraci\u00f3n y un Equipo de Convivencia Escolar. Los invitamos a conocer en detalle el trabajo de ambos proyectos en sus respectivos men\u00fas. &nbsp;<\/p>\n","protected":false},"author":1,"featured_media":0,"parent":0,"menu_order":0,"comment_status":"closed","ping_status":"open","template":"","meta":{"footnotes":""},"class_list":["post-230","page","type-page","status-publish","hentry"],"_links":{"self":[{"href":"https:\/\/www.colegiovillanonguen.cl\/index.php\/wp-json\/wp\/v2\/pages\/230","targetHints":{"allow":["GET"]}}],"collection":[{"href":"https:\/\/www.colegiovillanonguen.cl\/index.php\/wp-json\/wp\/v2\/pages"}],"about":[{"href":"https:\/\/www.colegiovillanonguen.cl\/index.php\/wp-json\/wp\/v2\/types\/page"}],"author":[{"embeddable":true,"href":"https:\/\/www.colegiovillanonguen.cl\/index.php\/wp-json\/wp\/v2\/users\/1"}],"replies":[{"embeddable":true,"href":"https:\/\/www.colegiovillanonguen.cl\/index.php\/wp-json\/wp\/v2\/comments?post=230"}],"version-history":[{"count":1,"href":"https:\/\/www.colegiovillanonguen.cl\/index.php\/wp-json\/wp\/v2\/pages\/230\/revisions"}],"predecessor-version":[{"id":231,"href":"https:\/\/www.colegiovillanonguen.cl\/index.php\/wp-json\/wp\/v2\/pages\/230\/revisions\/231"}],"wp:attachment":[{"href":"https:\/\/www.colegiovillanonguen.cl\/index.php\/wp-json\/wp\/v2\/media?parent=230"}],"curies":[{"name":"wp","href":"https:\/\/api.w.org\/{rel}","templated":true}]}}

<p>Nuestra institución educativa, en el cumplimiento del Pr<img loading="lazy" decoding="async" class="  wp-image-207 alignleft" src="http://tester.colegiovillanonguen.cl/wp-content/uploads/2015/08/favicon.png" alt="favicon" width="52" height="52" />oyecto de nuestra fundadora de brindar una formación integral a los niños de Nonguén, tiene al servicio de su comunidad educativa el Proyecto de Integración y un Equipo de Convivencia Escolar. Los invitamos a conocer en detalle el trabajo de ambos proyectos en sus respectivos menús.</p>
<p>&nbsp;</p>

<p>Nuestra institución educativa, en el cumplimiento del Proyecto de nuestra fundadora de brindar una formación integral a los niños de Nonguén, tiene al servicio de su comunidad educativa el Proyecto de Integración y un Equipo de Convivencia Escolar. Los invitamos a conocer en detalle el trabajo de ambos proyectos en sus respectivos menús. &nbsp;</p>
