{"id":23,"date":"2015-06-01T13:20:07","date_gmt":"2015-06-01T13:20:07","guid":{"rendered":"http:\/\/tester.colegiovillanonguen.cl\/?page_id=23"},"modified":"2024-04-02T15:09:08","modified_gmt":"2024-04-02T15:09:08","slug":"fundacion","status":"publish","type":"page","link":"https:\/\/www.colegiovillanonguen.cl\/index.php\/fundacion\/","title":{"rendered":"Fundaci\u00f3n Familia Cruz Magnani"},"content":{"rendered":"<p style=\"text-align: justify;\"><a href=\"http:\/\/tester.colegiovillanonguen.cl\/wp-content\/uploads\/2015\/06\/favicon.png\"><img loading=\"lazy\" decoding=\"async\" class=\"  wp-image-142 alignleft\" src=\"http:\/\/tester.colegiovillanonguen.cl\/wp-content\/uploads\/2015\/06\/favicon.png\" alt=\"favicon\" width=\"73\" height=\"73\" \/><\/a><\/p>\n<p style=\"text-align: justify;\">El Colegio Villa Nongu\u00e9n debe su existencia a su fundadora, la Profesora Mar\u00eda Elvira Cruz Magnani (1927-2013), quien para llevar a cabo esta obra constituy\u00f3 la Fundaci\u00f3n Familia Cruz Magnani, instituci\u00f3n de derecho privado, sin fines de lucro y con el claro objetivo de prestar un servicio educacional gratuito a menores en riesgo social y\/o vulnerables, preferentemente, del sector del Valle Nongu\u00e9n de Concepci\u00f3n.<\/p>\n<p style=\"text-align: justify;\">Para tal efecto, la Fundaci\u00f3n Familia Cruz Magnani ha cumplido la tarea de sostenedora del Colegio Villa Nongu\u00e9n, instancia gracias a la cual se ha podido concretar valiosas metas en beneficio de las ni\u00f1as, ni\u00f1os y j\u00f3venes del Colegio Villa Nongu\u00e9n. La creaci\u00f3n de la Fundaci\u00f3n Familia Cruz Magnani data de fecha 21 de Diciembre del a\u00f1o 2000, obteniendo su personalidad jur\u00eddica con fecha 20 de Agosto de 2001, siendo su primer directorio el siguiente:<\/p>\n<p>Presidenta: Se\u00f1ora Mar\u00eda Elvira Cruz Magnani (Profesora)<\/p>\n<p>Vicepresidenta: Se\u00f1orita Ana Santos Espinosa Daroch (Abogada)<\/p>\n<p>Tesorero: Se\u00f1or Jorge Hidalgo Bravo (Profesor)<\/p>\n<p>Secretaria: Se\u00f1ora Elena D\u00edaz Islas (Profesora)<\/p>\n<p>Director: Se\u00f1or Fernando Jim\u00e9nez Larra\u00edn (Abogado).<\/p>\n<p style=\"text-align: justify;\">De acuerdo al art\u00edculo segundo de los estatutos de la Fundaci\u00f3n, suscrito en el Acta de Constituci\u00f3n de \u00e9sta, del a\u00f1o 2000, se plantea como objetivo o fin de la Fundaci\u00f3n \u201cProporcionar e impartir ense\u00f1anza de educaci\u00f3n b\u00e1sica, media o t\u00e9cnica a menores de edad de cualquier sexo, provenientes de familias de escasos recursos. Para la consecuci\u00f3n de sus fines la Fundaci\u00f3n podr\u00e1 crear y sostener, en la ciudad de Concepci\u00f3n u otras, establecimientos educacionales cuyos nombres ser\u00e1n se\u00f1alados por el Directorio y podr\u00e1 realizar otras iniciativas que persigan espec\u00edficamente el cumplimiento de su objetivo estatutario\u201d.<\/p>\n<p style=\"text-align: justify;\">A comienzos del a\u00f1o 2002 se aprueba el proyecto de construcci\u00f3n del edificio del Colegio, ejecut\u00e1ndose la obra a partir del mes de mayo de dicho a\u00f1o, termin\u00e1ndose definitivamente en el mes de Octubre del a\u00f1o 2002.<\/p>\n<p style=\"text-align: justify;\">En el mes de Enero del a\u00f1o 2003 la fundadora del establecimiento dona el terreno y el flamante edificio reci\u00e9n construido a la Fundaci\u00f3n Familia Cruz Magnani. Al mismo tiempo, la Fundaci\u00f3n escoge el nombre para el establecimiento, denomin\u00e1ndolo \u201cEscuela Villa Nongu\u00e9n\u201d, el que m\u00e1s tarde ser\u00eda modificado a \u201cColegio Villa Nongu\u00e9n\u201d por el Ministerio de Educaci\u00f3n.<\/p>\n<p style=\"text-align: justify;\">Ciertamente, sin la constituci\u00f3n de la Fundaci\u00f3n Familia Cruz Magnani no existir\u00eda el Colegio Villa Nongu\u00e9n y nada de esta obra ser\u00eda posible. Con la construcci\u00f3n y puesta en funcionamiento del establecimiento, a partir del a\u00f1o 2003, los loables objetivos de la Fundaci\u00f3n, expresados en su acta de constituci\u00f3n, se han ido cumpliendo a trav\u00e9s de la labor realizada en este centro educacional.<\/p>\n<p style=\"text-align: justify;\">Se debe destacar que la labor de los integrantes del directorio de la Fundaci\u00f3n Familia Cruz Magnani, desde sus inicios y hasta sus actuales miembros, es ad honorem, entregando en forma solidaria y altruista parte de su tiempo para respaldar y sostener al Colegio Villa Nongu\u00e9n.<\/p>\n<p>El actual directorio est\u00e1 integrado por las siguientes personas:<\/p>\n<p>Presidente: Se\u00f1or Federico Espinosa Mu\u00f1oz (Abogado)<\/p>\n<p>Vicepresidenta: Se\u00f1ora Gloria Mu\u00f1oz Rigollet (Profesora)<\/p>\n<p>Tesorero: Se\u00f1or Ricardo Neira Celery (Psic\u00f3logo)<\/p>\n<p>Secretaria: Se\u00f1ora Elena D\u00edaz Islas (Profesora)<\/p>\n<p>Directora: Se\u00f1ora Gloria Espinosa Mu\u00f1oz (Odont\u00f3loga).<\/p>\n<p style=\"text-align: justify;\">Sin duda que la visi\u00f3n que tuvo la fundadora y primera Presidenta del directorio, Se\u00f1ora Mar\u00eda Elvira Cruz Magnani, ha permitido que generaciones de ni\u00f1as, ni\u00f1os y j\u00f3venes tengan una oportunidad para superarse y vencer las dificultades propias de la vida con las armas de la educaci\u00f3n y los valores, contribuyendo a la equidad y a la paz social en nuestra comunidad.<\/p>\n<p style=\"text-align: justify;\">En la memoria de los colaboradores de la Fundaci\u00f3n Familia Cruz Magnani y de los estudiantes del Colegio Villa Nongu\u00e9n quedar\u00e1 grabado a fuego el esp\u00edritu de la inspiradora de este \u201csue\u00f1o hecho realidad\u201d, nuestra fundadora, a quien, en nombre de toda la comunidad escolar expresamos nuestra gratitud y reconocimiento por su preocupaci\u00f3n y amor hacia esta obra. Esa gratitud ser\u00e1 eterna y esta obra trascender\u00e1 como ejemplo de filantrop\u00eda y generosidad hacia la comunidad.<\/p>\n<p style=\"text-align: justify;\"><a href=\"http:\/\/tester.colegiovillanonguen.cl\/wp-content\/uploads\/2015\/06\/Sra-Mar\u00eda.jpg\"><img loading=\"lazy\" decoding=\"async\" class=\"  wp-image-194 aligncenter\" src=\"http:\/\/tester.colegiovillanonguen.cl\/wp-content\/uploads\/2015\/06\/Sra-Mar\u00eda-200x300.jpg\" alt=\"Sra Mar\u00eda\" width=\"421\" height=\"633\" srcset=\"https:\/\/www.colegiovillanonguen.cl\/wp-content\/uploads\/2015\/06\/Sra-Mar\u00eda-200x300.jpg 200w, https:\/\/www.colegiovillanonguen.cl\/wp-content\/uploads\/2015\/06\/Sra-Mar\u00eda-682x1024.jpg 682w, https:\/\/www.colegiovillanonguen.cl\/wp-content\/uploads\/2015\/06\/Sra-Mar\u00eda.jpg 732w\" sizes=\"auto, (max-width: 421px) 100vw, 421px\" \/><\/a><\/p>\n","protected":false},"excerpt":{"rendered":"<p>El Colegio Villa Nongu\u00e9n debe su existencia a su fundadora, la Profesora Mar\u00eda Elvira Cruz Magnani (1927-2013), quien para llevar a cabo esta obra constituy\u00f3 la Fundaci\u00f3n Familia Cruz Magnani, instituci\u00f3n de derecho privado, sin fines de lucro y con el claro objetivo de prestar un servicio educacional gratuito a menores en riesgo social y\/o [&hellip;]<\/p>\n","protected":false},"author":1,"featured_media":0,"parent":0,"menu_order":0,"comment_status":"closed","ping_status":"closed","template":"","meta":{"footnotes":""},"class_list":["post-23","page","type-page","status-publish","hentry"],"_links":{"self":[{"href":"https:\/\/www.colegiovillanonguen.cl\/index.php\/wp-json\/wp\/v2\/pages\/23","targetHints":{"allow":["GET"]}}],"collection":[{"href":"https:\/\/www.colegiovillanonguen.cl\/index.php\/wp-json\/wp\/v2\/pages"}],"about":[{"href":"https:\/\/www.colegiovillanonguen.cl\/index.php\/wp-json\/wp\/v2\/types\/page"}],"author":[{"embeddable":true,"href":"https:\/\/www.colegiovillanonguen.cl\/index.php\/wp-json\/wp\/v2\/users\/1"}],"replies":[{"embeddable":true,"href":"https:\/\/www.colegiovillanonguen.cl\/index.php\/wp-json\/wp\/v2\/comments?post=23"}],"version-history":[{"count":9,"href":"https:\/\/www.colegiovillanonguen.cl\/index.php\/wp-json\/wp\/v2\/pages\/23\/revisions"}],"predecessor-version":[{"id":3170,"href":"https:\/\/www.colegiovillanonguen.cl\/index.php\/wp-json\/wp\/v2\/pages\/23\/revisions\/3170"}],"wp:attachment":[{"href":"https:\/\/www.colegiovillanonguen.cl\/index.php\/wp-json\/wp\/v2\/media?parent=23"}],"curies":[{"name":"wp","href":"https:\/\/api.w.org\/{rel}","templated":true}]}}